e remainder when 5989 is divided by 5985?
4
What is the remainder when 168297 is divided by 102?
99
What is the remainder when 35652 is divided by 418?
122
What is the remainder when 139924 is divided by 29?
28
What is the remainder when 1579 is divided by 708?
163
Calculate the remainder when 22265 is divided by 7419.
8
Calculate the remainder when 560724 is divided by 589.
585
Calculate the remainder when 62824 is divided by 128.
104
What is the remainder when 8459 is divided by 73?
64
Calculate the remainder when 165706 is divided by 106.
28
What is the remainder when 15193 is divided by 15?
13
What is the remainder when 86141 is divided by 1872?
29
What is the remainder when 14107 is divided by 28?
23
Calculate the remainder when 10692 is divided by 2493.
720
What is the remainder when 73651 is divided by 20?
11
What is the remainder when 601 is divided by 67?
65
Calculate the remainder when 12014 is divided by 45.
44
Calculate the remainder when 23928 is divided by 683.
23
What is the remainder when 190665 is divided by 4766?
25
What is the remainder when 762 is divided by 96?
90
Calculate the remainder when 27871 is divided by 13.
12
What is the remainder when 14294 is divided by 28?
14
Calculate the remainder when 28947 is divided by 1257.
36
What is the remainder when 14574 is divided by 577?
149
What is the remainder when 32718 is divided by 56?
14
Calculate the remainder when 1447683 is divided by 22272.
3
What is the remainder when 14925 is divided by 922?
173
What is the remainder when 13879 is divided by 497?
460
What is the remainder when 51223 is divided by 16?
7
Calculate the remainder when 411840 is divided by 49.
44
What is the remainder when 6904 is divided by 1380?
4
Calculate the remainder when 53684 is divided by 537.
521
Calculate the remainder when 2177 is divided by 308.
21
Calculate the remainder when 29359 is divided by 473.
33
What is the remainder when 16094 is divided by 2248?
358
Calculate the remainder when 538762 is divided by 34.
32
Calculate the remainder when 24913 is divided by 6228.
1
What is the remainder when 7751 is divided by 388?
379
Calculate the remainder when 1002 is divided by 881.
121
What is the remainder when 5382539 is divided by 90?
89
Calculate the remainder when 89234 is divided by 507.
2
Calculate the remainder when 2714 is divided by 248.
234
Calculate the remainder when 11876 is divided by 11856.
20
What is the remainder when 11843 is divided by 18?
17
Calculate the remainder when 320343 is divided by 1555.
13
What is the remainder when 171323 is divided by 69?
65
What is the remainder when 256560 is divided by 93?
66
What is the remainder when 37604 is divided by 23?
22
Calculate the remainder when 42291 is divided by 55.
51
What is the remainder when 49701 is divided by 4516?
25
Calculate the remainder when 170770 is divided by 170765.
5
Calculate the remainder when 4149 is divided by 1820.
509
What is the remainder when 96728 is divided by 52?
8
Calculate the remainder when 48843 is divided by 543.
516
What is the remainder when 9369 is divided by 28?
17
Calculate the remainder when 47515 is divided by 135.
130
What is the remainder when 42844 is divided by 8?
4
What is the remainder when 183263 is divided by 8330?
3
Calculate the remainder when 3674 is divided by 533.
476
Calculate the remainder when 883 is divided by 43.
23
Calculate the remainder when 57457 is divided by 14362.
9
What is the remainder when 664 is divided by 358?
306
Calculate the remainder when 181909 is divided by 25986.
7
Calculate the remainder when 20538 is divided by 821.
13
Calculate the remainder when 434326 is divided by 8.
6
Calculate the remainder when 512563 is divided by 227.
224
What is the remainder when 1340 is divided by 53?
15
Calculate the remainder when 22182 is divided by 696.
606
Calculate the remainder when 60598 is divided by 1346.
28
What is the remainder when 7229 is divided by 3614?
1
What is the remainder when 1486 is divided by 949?
537
What is the remainder when 39433 is divided by 9837?
85
What is the remainder when 2202 is divided by 264?
90
What is the remainder when 7911 is divided by 3523?
865
Calculate the remainder when 13582 is divided by 16.
14
What is the remainder when 149979 is divided by 92?
19
What is the remainder when 7624 is divided by 952?
8
Calculate the remainder when 30465 is divided by 1204.
365
What is the remainder when 98478 is divided by 24619?
2
Calculate the remainder when 90436 is divided by 611.
8
Calculate the remainder when 828451 is divided by 25889.
3
Calculate the remainder when 314024 is divided by 79.
78
What is the remainder when 476 is divided by 13?
8
Calculate the remainder when 23402 is divided by 2.
0
Calculate the remainder when 1172425 is divided by 19.
11
What is the remainder when 66862 is divided by 21?
19
What is the remainder when 868715 is divided by 59?
58
Calculate the remainder when 20736 is divided by 518.
16
Calculate the remainder when 413 is divided by 60.
53
What is the remainder when 258733 is divided by 174?
169
What is the remainder when 609 is divided by 308?
301
Calculate the remainder when 15878 is divided by 719.
60
Calculate the remainder when 253880 is divided by 262.
2
Calculate the remainder when 71988 is divided by 201.
30
Calculate the remainder when 209 is divided by 31.
23
Calculate the remainder when 1651 is divided by 231.
34
Calculate the remainder when 56211 is divided by 28099.
13
Calculate the remainder when 94433 is divided by 46.
41
Calculate the remainder when 5612 is divided by 1675.
587
What is the remainder when 163006 is divided by 41?
31
Calculate the remainder when 44768 is divided by 2984.
8
Calculate the remainder when 112512 is divided by 39.
36
Calculate the remainder when 7009 is divided by 933.
478
Calculate the remainder when 188525 is divided by 94262.
1
Calculate the remainder when 71084 is divided by 215.
134
Calculate the remainder when 16213 is divided by 5294.
331
Calculate the remainder when 12452705 is divided by 641.
639
Calculate the remainder when 1433 is divided by 1026.
407
Calculate the remainder when 1512 is divided by 1058.
454
Calculate the remainder when 44549 is divided by 9.
8
What is the remainder when 605747 is divided by 52?
51
Calculate the remainder when 47093 is divided by 100.
93
Calculate the remainder when 2636 is divided by 742.
410
Calculate the remainder when 4009 is divided by 955.
189
Calculate the remainder when 231964 is divided by 570.
544
What is the remainder when 105749 is divided by 3522?
89
What is the remainder when 488 is divided by 195?
98
Calculate the remainder when 12933 is divided by 2578.
43
Calculate the remainder when 134204 is divided by 12.
8
What is the remainder when 112239 is divided by 9353?
3
Calculate the remainder when 16543 is divided by 214.
65
Calculate the remainder when 62950 is divided by 45.
40
Calculate the remainder when 1126 is divided by 15.
1
What is the remainder when 13615964 is divided by 1557?
1556
What is the remainder when 4329 is divided by 42?
3
What is the remainder when 1881 is divided by 8?
1
Calculate the remainder when 7055 is divided by 429.
191
Calculate the remainder when 3426 is divided by 128.
98
Calculate the remainder when 374456 is divided by 157.
11
What is the remainder when 83102 is divided by 2374?
12
Calculate the remainder when 5772 is divided by 66.
30
What is the remainder when 1363388 is divided by 81?
77
What is the remainder when 93 is divided by 24?
21
What is the remainder when 73829 is divided by 22?
19
Calculate the remainder when 14167 is divided by 524.
19
What is the remainder when 671 is divided by 180?
131
Calculate the remainder when 224406 is divided by 7738.
4
Calculate the remainder when 122504 is divided by 61244.
16
What is the remainder when 15525 is divided by 7756?
13
What is the remainder when 120834 is divided by 1726?
14
Calculate the remainder when 3242 is divided by 314.
102
What is the remainder when 14509 is divided by 86?
61
Calculate the remainder when 14915 is divided by 22.
21
What is the remainder when 110748 is divided by 998?
968
Calculate the remainder when 82879 is divided by 370.
369
What is the remainder when 213329 is divided by 23702?
11
Calculate